(-30)) a prime number?
True
Suppose -53612 - 248426 = -2*h. Is h prime?
False
Suppose 0 = 13*w + 1061189 - 2832166. Is w a prime number?
False
Let w = 56 - 62. Let m(y) = 5*y**2 - 13*y + 7. Let o be m(w). Let i = o - -180. Is i prime?
False
Let w(y) = 31*y**2 + 2*y + 2. Let u be w(-1). Suppose -15798 = 25*s - u*s. Is s a composite number?
False
Let g = 128542 - 4001. Is g a prime number?
True
Suppose -38*b = -40*b - 37358. Let v = 37316 + b. Is v a prime number?
True
Let b = -44 - -46. Suppose -b*g - 10 = 3*g. Let j(c) = -175*c**3 - c**2 - c + 1. Is j(g) a prime number?
True
Let n = -199 - -204. Suppose -5*p - n*i + 8215 = 0, 2823 = 2*p - 2*i - 475. Is p prime?
False
Suppose 6*a - 21*a - 660 = 18*a. Let n be (-2)/(-5) - (-52)/(-5). Is (-10674)/n + 8/a a composite number?
True
Let w(v) = 3287*v + 358*v**2 - 1 - 3302*v + 133*v**2. Is w(3) a composite number?
False
Suppose -271656 = -2*r - 5*f, r + 26*f = 24*f + 135831. Is r prime?
False
Suppose -8*g + 1504 - 400 = 0. Suppose 118*h + 405380 = g*h. Is h composite?
False
Let m be 10*(-3 + 2)/((-50)/40). Is 12/(m - 14)*779/(-2) a prime number?
False
Let w(a) = 39164*a**3 + 7*a**2 + 11*a + 3. Let j be w(-4). Is j/(-375) + 4/(-5) composite?
True
Suppose -2*y = y - 24. Suppose y*i + 1907 - 5787 = 0. Is i prime?
False
Suppose 0 = -4*p + 9*p. Suppose p = -2*u + 3*m + 580, 5*u - 2*m - 1378 = 50. Is -1 - -68*u/8 a composite number?
True
Let z(n) = -n**3 + 66*n**2 - 78*n + 260. Is z(31) a prime number?
True
Let i(l) = -l**3 + 4*l**2 + 8*l + 16. Let t be i(6). Is t + 892 - (-5)/1 prime?
False
Let i = -146427 + 245690. Is i a prime number?
False
Suppose 4*r + 3*r = 3*r. Suppose 0 = 3*d, 9*a - 7*a - 4*d - 4566 = r. Is (2 + 0)/8 - a/(-4) prime?
True
Suppose -4*b - d = -3502890, 137*b + 7*d + 1751430 = 139*b. Is b a composite number?
True
Suppose 4*c - 3*g + 6 = 0, -16*g = -5*c - 17*g + 2. Suppose 0 = j - i - 59 - 3, c = 4*j - i - 257. Is j a prime number?
False
Let h(g) = -14*g - 109. Let s be h(-8). Suppose 0 = -3*f + 3*i + 10872, s*f + 3*i + 3938 = 14840. Is f a composite number?
True
Let l(f) = 6 - 4*f - 17 + 15*f. Let z be l(7). Suppose -z*v = -68*v + 1334. Is v composite?
True
Let y(g) = -98*g**3 - 13*g**2 - 35*g - 287. Is y(-12) composite?
True
Suppose 32 = -24*j + 28*j. Let x(v) = v**3 - 12*v**2 + v - 1. Let l be x(j). Let o = 16 - l. Is o prime?
False
Let s = -54 - -62. Let t(z) = 4*z - z - 3 + s + 55*z**2 + 2*z. Is t(5) a prime number?
False
Suppose 0 = -4*o - 2*x - 34, 0 = 2*o + 5*x - 8*x + 13. Let g be (o - -14)/(-6) + 1*8. Is (21483/2)/g - (-1)/2 composite?
True
Let q(s) = s**2 - 5*s - 2. Let i be q(-3). Let g = 25 - i. Suppose -4*y + d = 2*d - 9836, g*y - 4*d = 7377. Is y prime?
True
Suppose 9*w - 4*w - 31415 = 5*k, -w - k + 6287 = 0. Let f = -3508 + w. Is f composite?
False
Let y = -128932 - -219531. Is y prime?
True
Let r(o) = -5*o**2 + 2*o - 1. Let u be r(11). Is u*(-2)/4 + -5 prime?
False
Is 127343/((-34)/51 + (-15)/(-9)) a prime number?
True
Suppose -5*y + 9 = -16. Suppose -3295 = -y*a + 4*a. Is a a prime number?
False
Let f(g) = -55*g - 21. Let r(b) be the second derivative of -2*b**3/3 + b**2 + 12*b. Let c be r(2). Is f(c) composite?
True
Suppose 280*d - g = 276*d + 811270, 4*g - 608481 = -3*d. Is d composite?
True
Let w = -12416 + 24663. Is w prime?
False
Suppose 4*o + 25 = -13*b + 16*b, 0 = 3*b - 9. Is (-28010)/o + 2/4 prime?
False
Suppose 91*m + 53*m = 20448. Let z be (3/(-2))/(2/148). Let s = z + m. Is s prime?
True
Let j(c) = -42*c**3 + 4*c**2 + 4*c + 2. Let r be j(-1). Suppose 4*v = -4*s + r, -2*s - 2*s + 35 = -5*v. Suppose -s*m + 30035 = -945. Is m composite?
True
Let a be (-948)/((7 + -2)/(-5)). Let t be 500/(-75)*a/5. Let r = t - -2351. Is r a prime number?
True
Suppose 15 = 3*m + 2*m. Suppose -10 = -3*v - 4*h - 0, 0 = m*v - 5*h - 28. Suppose -v*t = 2*t - 184. Is t prime?
True
Suppose u - 4*p = 55409, 22*u - 20*u = 2*p + 110818. Is u composite?
True
Suppose -n + 5*k + 66406 = 0, 5*n - 307*k = -304*k + 332140. Is n a prime number?
True
Let n(q) = 18*q**3 - 4*q**2 - 3*q - 6. Let g = 32 - 167. Let f be (-2)/3*g/18. Is n(f) composite?
False
Let u be 10/4*((-1178856)/60)/(-7). Is (u/(-9))/((12/(-9))/4) prime?
True
Is -17 - -16 - 38*-4953 composite?
True
Is (-20 - -22)/(5818/(-2315572)*398 + 1) composite?
True
Let u(p) = 3092*p**3 - 13*p**2 + 122*p + 17. Is u(6) composite?
False
Suppose 665*a - 309999 = 662*a. Is a prime?
True
Let h = 41 - 39. Suppose h*c = 2*u + 22312, 44651 = 4*c - 4*u + 9*u. Is c a prime number?
True
Suppose 4*x + 12 = -0. Let f(i) = i**2 + 4*i - 1. Let q be f(x). Is 2 - (3/q - (-8601)/(-4)) composite?
False
Suppose 20 + 0 = -10*m. Is -327*m/(-1)*(-25)/50 a composite number?
True
Suppose -5*i + 8*i - 47307 = -2*l, -4*i - 3*l + 63077 = 0. Suppose 2*w = -3*v + i, -10 = 2*v - 0. Is w prime?
False
Let m(j) be the second derivative of -103*j**3/3 - 41*j**2/2 - 2*j. Let r = -56 + 50. Is m(r) a composite number?
True
Suppose -4315 - 13376 = -i. Let x = -1022 + i. Is x prime?
False
Suppose 132437 + 1088492 = 29*d. Is d a prime number?
True
Suppose -10*r - 824279 + 270296 = -13*r. Is r a prime number?
False
Suppose 2*i + 4*h = 24566, -i + 2*h + 3025 = -9282. Is i prime?
False
Is ((-65)/30 - -3) + 9076525/150 a prime number?
False
Suppose 2*j = 2*k + 23 + 3, -4*k + 5*j - 50 = 0. Let r be 84/k + ((-39)/(-15) - 3). Is -9*2/r + 1588 a prime number?
False
Let j(n) = 2*n**3 - 2*n**2 - 2*n. Let w be j(2). Let u = 5788 + -5694. Suppose 481 = 5*r + 2*d + w, d + u = r. Is r composite?
True
Let g be (-3264)/(-255)*(-5)/(-2). Is 1271 - g/24*9/(-2) a prime number?
True
Let w(u) = 19887*u - 1874. Is w(25) a composite number?
False
Let g(k) = -1772*k**3 - 3*k**2 - 32*k - 409. Is g(-6) a prime number?
True
Let p = 62 - 61. Let y be (0 - -229)*-2 - (-4 + p). Let o = -310 - y. Is o a prime number?
False
Let j(o) = o**3 - o**2 - 5*o + 923. Suppose -1 = -20*w - 1. Is j(w) a prime number?
False
Let h(w) = -2*w**3 - 38*w**2 + 52*w + 26. Suppose -n + 112 = -5*t, -5*n + 47 = -2*t + 16. Is h(t) a prime number?
False
Let n(b) be the second derivative of 25*b**3/6 + 22*b**2 - b - 14. Is n(15) composite?
False
Let j(g) = g**3 - 278*g + 8997. Is j(0) a composite number?
True
Suppose -38 - 43 = -9*y. Suppose o - y*o + 40 = 0. Suppose 2*v - 406 = -4*g, v = o*v - 3*g - 823. Is v a composite number?
True
Let o be 2/12 - 4/((-144)/(-45726)). Let h = 2529 + o. Is h a prime number?
True
Let r = -1250 - -24649. Is r prime?
True
Let p = -96 + 92. Is ((-10)/p)/(12/312) a prime number?
False
Let c be (-3)/4 - (-33)/44. Suppose c = -12*y + 3 - 27. Is 56/1 - (3 - (y - -2)) a composite number?
False
Suppose 5*a = -28*n + 25*n + 142763, 237947 = 5*n + 4*a. Is n a prime number?
True
Let q = 2110 - -248. Suppose -2*y - 4*j + 2106 = 0, -3*y + 5*j + q = -812. Is y a prime number?
False
Suppose 2*b = b - v + 2, 0 = 5*b - 5*v - 10. Suppose 983 = b*o - 1883. Suppose -4*s = -483 - o. Is s composite?
False
Suppose 6*w + 3*w + 22637 = 10*w. Is w a prime number?
True
Let o = -2220776 + 4348429. Is o prime?
False
Is 285382 + 0/(-1 - 0) - (1212 - 1207) a composite number?
False
Suppose -21*w + 22*w - 10*w = -2191734. Is w prime?
False
Suppose 0 = -2*b + 4*r - 5*r - 32, -2*r - 49 = 3*b. Is 2*1 - b/(105/3248) composite?
True
Let a(p) = -5764*p**2 + 5*p + 1. Let r be a(-1). Let c = r + 8630. Suppose 0 = -t - 3*m - m + 941, m + c = 3*t. Is t a composite number?
False
Is (14902 - -1)/1*93/93 composite?
True
Suppose -d + 2*t = 6, -5*d + 3*t = 6 - 11. Suppose -2*a - 29564 = -d*y, 0 = 3*y + 5*a - 15105 - 7094. Is y prime?
True
Let p(i) = 55*i**3 - 6*i**2 - 2*i + 25. Let u = -58 - -64. Is p(u) prime?
True
Let b(p) = -251*p**3 + 4*p**2 + 2*p + 11. Let y be b(-3). Let h = y - 3327. Is h a composite number?
False
Suppose 3*b - 401 = -2*m, m = 45*b - 44*b - 142. Suppose -12077 = 136*o - b*o. Is o prime?
False
Is (42618/8 - 0)/((-51)/8840*-10) composite?
True
Suppose 3*y - 98594 = 88855. Suppose -y = -5*t - v, 3*t - 37481 = -3*v - 2*v. Is t a prime number?
True
Suppose -118*v = -122*v - 8696. Let d = 7548 + v. Is d a prime number?
False
Suppose 4*j - 3*i + 3 = 0, -2*j + 2*i - 6*i = -4. Suppose -3*t - 77*d + 79*d + 4129 = j, -3*t - 4*d + 4153 = 0. Is t a prime number?
False
Suppose 0 = -7*g - 5 + 26. Suppose 3*u - 1314 = 4*x + 923, 0 = -4*u - 